In base 7, what is -5131 + -5?
-5136
In base 13, what is 1 + 12b?
12c
In base 3, what is 12 + -122001?
-121212
In base 2, what is 0 + 1000011110000?
1000011110000
In base 16, what is -5 - 2f?
-34
In base 7, what is 1065 - 0?
1065
In base 10, what is -71 + -1?
-72
In base 9, what is 0 + -5258?
-5258
In base 4, what is -31 + 2003?
1312
In base 5, what is -401 - -24?
-322
In base 6, what is 3 - 332?
-325
In base 8, what is -23 + 505?
462
In base 4, what is -1310 + -11?
-1321
In base 11, what is -1 + 54?
53
In base 9, what is 6 + -5?
1
In base 7, what is -2143 + 1?
-2142
In base 16, what is -3c0 + -1?
-3c1
In base 9, what is 0 + -1740?
-1740
In base 8, what is 74 - 6?
66
In base 10, what is -912 - -3?
-909
In base 9, what is 270 + 4?
274
In base 7, what is -1646 + 20?
-1626
In base 7, what is 12 + -43?
-31
In base 12, what is -1962 - -6?
-1958
In base 15, what is 5 + 14?
19
In base 15, what is 8 + 59?
62
In base 16, what is 1e + -58?
-3a
In base 16, what is 1 + -45a?
-459
In base 16, what is 8 - -235?
23d
In base 13, what is 4 + 3773?
3777
In base 2, what is 100 + 100100010?
100100110
In base 8, what is 1105 - 12?
1073
In base 2, what is -1001110100 + 11?
-1001110001
In base 14, what is 96 - -71?
127
In base 12, what is -10 - -1a0?
190
In base 5, what is -10031 + 22?
-10004
In base 8, what is 52 - 1?
51
In base 7, what is -263 + -40?
-333
In base 2, what is -10111 - 10111?
-101110
In base 10, what is -4057 - -1?
-4056
In base 16, what is -3 + -5?
-8
In base 2, what is 10000 - -101001?
111001
In base 13, what is 766 - 3?
763
In base 15, what is 123 - -3?
126
In base 6, what is -3253 - 5?
-3302
In base 7, what is -16035 + 1?
-16034
In base 13, what is -2 - -1bb?
1b9
In base 2, what is 111110 + -100?
111010
In base 10, what is -4 + 25?
21
In base 16, what is -143 + -2e?
-171
In base 12, what is 2 + -36?
-34
In base 12, what is -3 - 2aa?
-2b1
In base 14, what is -2 - -5d?
5b
In base 7, what is -34 - 151?
-215
In base 13, what is -c + -8?
-17
In base 14, what is -c18 + -1?
-c19
In base 8, what is 41 + -1235?
-1174
In base 16, what is -3d + 1?
-3c
In base 6, what is 5 - -104?
113
In base 10, what is -3 + 22?
19
In base 7, what is 140 + 24?
164
In base 13, what is 54 + 110?
164
In base 12, what is -58 + 2?
-56
In base 5, what is -110412 - -4?
-110403
In base 5, what is 11 - 411?
-400
In base 11, what is 10 + -6?
5
In base 10, what is -4 + -6?
-10
In base 16, what is -27 - -2?
-25
In base 5, what is -43 - 23?
-121
In base 15, what is -27 + 47?
20
In base 13, what is 2b5 + 5?
2ba
In base 10, what is -2 + -1522?
-1524
In base 13, what is 6ab + 0?
6ab
In base 14, what is -1c - 5?
-23
In base 7, what is 10 + 1463?
1503
In base 15, what is 3 + -24?
-21
In base 15, what is 1be7 + 4?
1beb
In base 8, what is 104 + 4?
110
In base 8, what is 7527 - -1?
7530
In base 6, what is 33 + 0?
33
In base 12, what is 6 - a8?
-a2
In base 12, what is 4 + 7b1?
7b5
In base 3, what is 22212 - 2?
22210
In base 12, what is 677 + 4?
67b
In base 3, what is -21000 + 1122?
-12101
In base 4, what is -1323 + -11?
-2000
In base 15, what is -27 - 0?
-27
In base 13, what is -1 + 95b?
95a
In base 2, what is 100001010001000 + 0?
100001010001000
In base 14, what is 5d2 + -2?
5d0
In base 11, what is 29 - 77?
-49
In base 9, what is 7 - -127?
135
In base 3, what is -210 + -21?
-1001
In base 3, what is -100012 - 11?
-100100
In base 14, what is 6b - 4?
67
In base 13, what is -78 + -2?
-7a
In base 3, what is 10 - 20211?
-20201
In base 9, what is 5 - 228?
-223
In base 10, what is 232 - -4?
236
In base 10, what is 185 - 1?
184
In base 16, what is -21c - 4?
-220
In base 14, what is 3 + -714?
-711
In base 2, what is -10 - -101000001111?
101000001101
In base 14, what is 4 - -1b7?
1bb
In base 15, what is -6 + 8a?
84
In base 12, what is 1271 + -1?
1270
In base 8, what is 2550 - -1?
2551
In base 3, what is 11210 + -11?
11122
In base 14, what is -3 + 16?
13
In base 2, what is -111 + 10111010010?
10111001011
In base 2, what is 10000001 - 100?
1111101
In base 9, what is -3 - -21?
17
In base 9, what is -1056 - 5?
-1062
In base 10, what is 3 - 83?
-80
In base 8, what is 2 - 200?
-176
In base 13, what is -5 + 131?
129
In base 11, what is a72 + -4?
a69
In base 5, what is 122 + 11?
133
In base 3, what is 2112210 - 10?
2112200
In base 9, what is -112 + -3?
-115
In base 13, what is -221 + 9?
-215
In base 12, what is -a + 60?
52
In base 10, what is -19 - -76?
57
In base 5, what is -1 - 34333?
-34334
In base 11, what is 3618 - 1?
3617
In base 16, what is 1 + 2e?
2f
In base 5, what is 10421 - 3?
10413
In base 2, what is 0 - 10100001?
-10100001
In base 10, what is 1 + 1525?
1526
In base 5, what is -24333 - -14?
-24314
In base 14, what is 1 - 5d?
-5c
In base 16, what is -1c - 2?
-1e
In base 4, what is 12002 + 1?
12003
In base 11, what is 258 + 1?
259
In base 10, what is 1 + -65?
-64
In base 9, what is -323 + -3?
-326
In base 5, what is 20 - 20?
0
In base 10, what is -89 - -4?
-85
In base 4, what is -2 - -30?
22
In base 10, what is 13 - 1014?
-1001
In base 15, what is -17 + -8?
-20
In base 11, what is 2 - 102?
-100
In base 12, what is 2 - 92b?
-929
In base 15, what is 7 + 41?
48
In base 16, what is -1 - 161?
-162
In base 14, what is -2c9 + -2?
-2cb
In base 2, what is 0 - -1?
1
In base 4, what is 3 + 231011?
231020
In base 9, what is 10 - -108?
118
In base 16, what is 31 - -9?
3a
In base 15, what is 27 + 10e?
136
In base 8, what is -12 + 7?
-3
In base 7, what is -605 - 0?
-605
In base 2, what is -11 - 0?
-11
In base 8, what is -15 + 3?
-12
In base 13, what is 35 - -23?
58
In base 15, what is 0 - 5b1?
-5b1
In base 13, what is 92 + 9?
9b
In base 6, what is 42225 + 1?
42230
In base 6, what is 5 + -21544?
-21535
In base 6, what is -5 + -24?
-33
In base 8, what is 5 - -145?
152
In base 2, what is 11 + 1110000000?
1110000011
In base 13, what is -1 - -184?
183
In base 16, what is 138 - 5?
133
In base 4, what is -3120 + 33?
-3021
In base 8, what is 124 - -5?
131
In base 7, what is 1 + 333?
334
In base 2, what is -11110100010011 - -1?
-11110100010010
In base 3, what is -11 + -11120122?
-11120210
In base 6, what is -21235 + 11?
-21224
In base 2, what is 100011 + 1000010?
1100101
In base 12, what is 5470 + -3?
5469
In base 3, what is 0 + 220?
220
In base 7, what is 24 + 30?
54
In base 6, what is 2050 + 10?
2100
In base 2, what is 1000 + -10?
110
In base 10, what is -1 + -285?
-286
In base 12, what is 7ba - -2?
800
In base 8, what is 1347 - 4?
1343
In base 14, what is 3 + -13b?
-138
In base 13, what is -7 - c?
-16
In base 15, what is 3 + 15b5?
15b8
In base 14, what is -11c - -6?
-116
In base 6, what is 11 - -52?
103
In base 4, what is 112332 + -20?
112312
In base 9, what is 8 + 5?
14
In base 2, what is -11110110 - -111?
-11101111
In base 12, what is 1 + 2a6?
2a7
In base 4, what is -10 + 3020?
3010
In base 3, what is -2221 + -102?
-10100
In base 10, what is -5 + -4?
-9
In base 13, what is -299 - 0?
-299
In base 6, what is -5 - 224?
-233
In base 8, what is -35 - -11?
-24
In base 9, what is -230 - -8?
-221
In base 9, what is -455 - 3?
-458
In base 15, what is 15 - 37?
-22
In base 15, what is 2 - 3d?
-3b
In base 10, what is 63 + 5?
68
In base 6, what is 14340 + 4?
14344
In base 10, what is 8 + -48?
-40
In base 16, what is -25b + 1?
-25a
In base 2, what is 1011010 + 101?
1011111
In base 2, what is -110110101 + -100?
-110111001
In base 7, what is 3 - -12244?
12250
In base 11, what is 3 + 41?
44
In base 16, what is -1b7 - -6?
-1b1
In base 15, what is 2 - -156?
158
In base 4, what is -3310021 - -11?
-3310010
In base 9, what is -5 - -18?
13
In base 13, what is 15 + -28?
-13
In base 8, what is -10 - 35?
-45
In base 10, what is -322 + 5?
-317
In base 9, what is 23 - -43?
66
In base 12, what is 18 + 17?
33
In base 3, what is -2 + 2012011?
2012002
In base 13, what is 69 + 62?
cb
In base 2, what is 111100100 + 1?
111100101
In base 14, what is 22 + 4?
26
In base 5, what is 10 - 40?
-30
In base 10, what is -19 + 0?
-19
In base 2, what is -11 + 11001110?
11001011
In base 14, what is 7 - -163b?
1644
In base 6, what is 300 - -4?
304
In base 6, what is 434 + -10?
424
In base 5, what is -1 - 42?
-43
In base 13, what is -8 + 61?
56
In base 10, what is 58 + 7?
65
In base 12, what is -44 + -a6?
-12a
In base 8, what is -106 - 105?
-213
In base 3, what is 1